vided by 205.
195
Calculate the remainder when 43932 is divided by 39.
18
What is the remainder when 2321 is divided by 737?
110
Calculate the remainder when 4752 is divided by 2133.
486
Calculate the remainder when 10426 is divided by 212.
38
What is the remainder when 6089397 is divided by 14?
13
Calculate the remainder when 4360 is divided by 214.
80
What is the remainder when 227831 is divided by 23?
16
Calculate the remainder when 11396 is divided by 163.
149
Calculate the remainder when 52949 is divided by 10.
9
Calculate the remainder when 354674 is divided by 25.
24
Calculate the remainder when 77706 is divided by 19405.
86
Calculate the remainder when 35092 is divided by 639.
586
Calculate the remainder when 2167118 is divided by 20.
18
Calculate the remainder when 5380 is divided by 224.
4
Calculate the remainder when 35861 is divided by 278.
277
Calculate the remainder when 159893 is divided by 18.
17
Calculate the remainder when 35528 is divided by 11610.
698
Calculate the remainder when 3986 is divided by 68.
42
Calculate the remainder when 19753 is divided by 28.
13
Calculate the remainder when 49098 is divided by 3063.
90
What is the remainder when 36830 is divided by 2828?
66
Calculate the remainder when 14097 is divided by 9.
3
Calculate the remainder when 2669021 is divided by 475.
471
Calculate the remainder when 104174 is divided by 13021.
6
Calculate the remainder when 869 is divided by 96.
5
What is the remainder when 133515 is divided by 110?
85
What is the remainder when 155398 is divided by 185?
183
Calculate the remainder when 5501 is divided by 265.
201
Calculate the remainder when 83022 is divided by 1976.
30
What is the remainder when 23884 is divided by 1194?
4
What is the remainder when 121285 is divided by 320?
5
What is the remainder when 2644 is divided by 620?
164
Calculate the remainder when 539233 is divided by 539216.
17
What is the remainder when 7484 is divided by 82?
22
What is the remainder when 2835792 is divided by 58?
56
What is the remainder when 85966 is divided by 12?
10
What is the remainder when 2893 is divided by 844?
361
Calculate the remainder when 1642 is divided by 572.
498
What is the remainder when 8724 is divided by 1451?
18
Calculate the remainder when 78894 is divided by 78875.
19
Calculate the remainder when 546271 is divided by 280.
271
Calculate the remainder when 93464 is divided by 31150.
14
What is the remainder when 1186988 is divided by 310?
308
What is the remainder when 155763 is divided by 330?
3
What is the remainder when 1974 is divided by 86?
82
Calculate the remainder when 6216 is divided by 882.
42
Calculate the remainder when 3582 is divided by 714.
12
Calculate the remainder when 493835 is divided by 28.
27
Calculate the remainder when 1630288 is divided by 543428.
4
What is the remainder when 5920 is divided by 1179?
25
What is the remainder when 13205 is divided by 52?
49
What is the remainder when 2362 is divided by 383?
64
Calculate the remainder when 523493 is divided by 93.
89
What is the remainder when 54874 is divided by 366?
340
Calculate the remainder when 4779 is divided by 586.
91
Calculate the remainder when 10780 is divided by 23.
16
Calculate the remainder when 31335 is divided by 10435.
30
Calculate the remainder when 748 is divided by 266.
216
Calculate the remainder when 8723 is divided by 2174.
27
What is the remainder when 9176 is divided by 261?
41
Calculate the remainder when 3765 is divided by 20.
5
What is the remainder when 16627 is divided by 145?
97
What is the remainder when 1228 is divided by 663?
565
Calculate the remainder when 8192 is divided by 67.
18
Calculate the remainder when 1382535 is divided by 344.
343
Calculate the remainder when 132274 is divided by 179.
172
What is the remainder when 13529 is divided by 82?
81
What is the remainder when 2848 is divided by 946?
10
Calculate the remainder when 33122 is divided by 338.
336
What is the remainder when 27087 is divided by 40?
7
Calculate the remainder when 3214 is divided by 430.
204
What is the remainder when 3707 is divided by 17?
1
What is the remainder when 7002 is divided by 269?
8
Calculate the remainder when 248692 is divided by 1256.
4
What is the remainder when 35230 is divided by 35228?
2
Calculate the remainder when 25357 is divided by 25341.
16
What is the remainder when 289106 is divided by 63?
62
Calculate the remainder when 47934 is divided by 149.
105
Calculate the remainder when 2286 is divided by 53.
7
What is the remainder when 534 is divided by 132?
6
Calculate the remainder when 2976 is divided by 72.
24
What is the remainder when 19378 is divided by 2418?
34
Calculate the remainder when 46395 is divided by 10.
5
What is the remainder when 70639 is divided by 494?
491
What is the remainder when 19511 is divided by 96?
23
Calculate the remainder when 11079 is divided by 949.
640
What is the remainder when 2478 is divided by 1210?
58
What is the remainder when 1288 is divided by 65?
53
What is the remainder when 5113 is divided by 358?
101
Calculate the remainder when 31911 is divided by 6373.
46
Calculate the remainder when 1734 is divided by 47.
42
What is the remainder when 681072 is divided by 1733?
3
Calculate the remainder when 38298 is divided by 80.
58
What is the remainder when 130561 is divided by 282?
277
What is the remainder when 5335 is divided by 15?
10
Calculate the remainder when 25915 is divided by 2827.
472
Calculate the remainder when 4907 is divided by 4907.
0
What is the remainder when 1174 is divided by 157?
75
Calculate the remainder when 384673 is divided by 17484.
25
Calculate the remainder when 6369 is divided by 6362.
7
What is the remainder when 264 is divided by 148?
116
What is the remainder when 70296 is divided by 77?
72
What is the remainder when 165891 is divided by 91?
89
What is the remainder when 915 is divided by 375?
165
Calculate the remainder when 11922 is divided by 674.
464
Calculate the remainder when 30463 is divided by 1050.
13
Calculate the remainder when 289463 is divided by 7060.
3
What is the remainder when 701585 is divided by 44?
5
What is the remainder when 21382 is divided by 27?
25
Calculate the remainder when 12655 is divided by 60.
55
What is the remainder when 892 is divided by 227?
211
Calculate the remainder when 6013 is divided by 1502.
5
Calculate the remainder when 20151 is divided by 17.
6
What is the remainder when 2575 is divided by 263?
208
What is the remainder when 8489 is divided by 107?
36
What is the remainder when 37268 is divided by 9253?
256
What is the remainder when 70086 is divided by 16?
6
Calculate the remainder when 40969 is divided by 61.
38
Calculate the remainder when 413416 is divided by 4807.
14
Calculate the remainder when 131 is divided by 116.
15
Calculate the remainder when 9182 is divided by 41.
39
Calculate the remainder when 344873 is divided by 791.
788
Calculate the remainder when 11106 is divided by 201.
51
What is the remainder when 108589 is divided by 517?
19
Calculate the remainder when 161524 is divided by 193.
176
Calculate the remainder when 2941 is divided by 593.
569
Calculate the remainder when 4422239 is divided by 40.
39
Calculate the remainder when 93087 is divided by 523.
516
Calculate the remainder when 1607 is divided by 532.
11
Calculate the remainder when 47932 is divided by 841.
836
Calculate the remainder when 165221 is divided by 33042.
11
Calculate the remainder when 218164 is divided by 107.
98
What is the remainder when 203390 is divided by 67784?
38
Calculate the remainder when 308031 is divided by 15.
6
Calculate the remainder when 11929 is divided by 1320.
49
What is the remainder when 2115 is divided by 1046?
23
Calculate the remainder when 12385 is divided by 6114.
157
What is the remainder when 36191 is divided by 6017?
89
Calculate the remainder when 1494 is divided by 243.
36
What is the remainder when 338372 is divided by 95?
77
Calculate the remainder when 350552 is divided by 23.
9
What is the remainder when 56499 is divided by 58?
7
What is the remainder when 8942 is divided by 710?
422
Calculate the remainder when 2355 is divided by 17.
9
What is the remainder when 2343 is divided by 108?
75
Calculate the remainder when 4437